mainder when p is divided by m.
39
Let h = -14315 + 23897. Calculate the remainder when h is divided by 37.
36
Suppose -75 = 7*y + 51. What is the remainder when 115 is divided by 115/9 + y/(-81)?
11
Suppose -5*r + 208 = f, 4*f - 4*r + 0*r - 904 = 0. Let y = f - 202. Calculate the remainder when y is divided by 12 + (1 - (3 - 1)).
10
Suppose 161482 + 153110 = 174*y. Calculate the remainder when y is divided by 201.
200
Let k be 31*-4*(-4)/16. Suppose k*q = 32*q - 164. What is the remainder when q is divided by 57?
50
Let t = 541 + -537. Suppose -t*g + d + 71 = 0, -g + 4 + 25 = 2*d. Calculate the remainder when g is divided by 5.
4
Let a = 5511 - -14683. What is the remainder when a is divided by 22?
20
Suppose -24*j = 12 - 84. Suppose 0 = -9*v + 13*v - 5*z - 162, j*v = 4*z + 121. Calculate the remainder when 214 is divided by v.
42
Suppose -4*l - 3*h + 204 = 0, -5*l + 10*l + 3*h - 255 = 0. Calculate the remainder when 1885 is divided by l.
49
Let f = -1376 + 1382. What is the remainder when 1420 is divided by f?
4
Suppose -275 - 4897 = -11*g + 2616. Calculate the remainder when g is divided by 23.
18
Suppose 5*f - 6*d - 2 = -3*d, 5*f = -d + 6. What is the remainder when ((-136)/(-36) - 3)/(65/585) is divided by f?
0
Let c be 0 + 8/36 + 520/9. Suppose 0*o + 5*v = 2*o - 17, 3*v = -5*o + c. Suppose -o*l = -l - 480. Calculate the remainder when l is divided by 5.
3
Let b = -459 + 255. Let x = -132 - b. Let r(a) = 2*a + 1. What is the remainder when x is divided by r(9)?
15
Suppose 40*u = 38*u + 160. Suppose -5*y + m + 213 = 0, 9*m = 2*y + 6*m - u. Calculate the remainder when 556 is divided by y.
40
Suppose 0 = 74*u - 65*u - 5382. Suppose 9 = 2*l + 2*c - 227, -3*c = -5*l + u. Let r(q) = 2*q**2 - 2*q - 2. Calculate the remainder when l is divided by r(3).
9
Let a be 5 + 188/(-20) - (-6)/(-10). Suppose -4*f = 3*h - 41 - 36, -f + 33 = -2*h. What is the remainder when -170*((-5)/(-5) - (-7)/a) is divided by f?
22
Let y be 18/(-9) + (-8 - 116). Let d = 121 + -73. What is the remainder when y/((-3)/(27/6)) is divided by d?
45
Suppose 2*k + 1288 = 3*g, g + 3*k - 295 = 160. Calculate the remainder when g is divided by 255.
179
Suppose -895 - 23 = -11*z - 7*z. What is the remainder when 1988 is divided by z?
50
Let l(w) = 266*w + 4806. Let f be 52/9 + 2/9. Let b(x) = 2*x**2 - 4*x + 4. Calculate the remainder when b(f) is divided by l(-18).
16
Let n = 3318 - 3015. Calculate the remainder when n is divided by 81.
60
Let k be 216*((-10)/(-3))/5. Suppose k = 2*l + 36. Suppose -j = -4*f + 1, 4*j - 3*f = 5*j - 34. Calculate the remainder when l is divided by j.
16
Let h be (9/3)/(3/(-4)) - -33. Suppose 69*o - 70*o = -h. Calculate the remainder when 108 is divided by o.
21
Let m be 50/15 - (33/(-9) - -3). Suppose -18*d + 420 = -m*d. What is the remainder when d is divided by 9?
3
Let x = -92 - -195. Let t = -29 + x. Suppose -8*r - 135 = -17*r. What is the remainder when t is divided by r?
14
Let o = 292 - 261. Calculate the remainder when 231 is divided by o.
14
Let k(q) = -q**2 + 35*q + 3179. What is the remainder when k(-40) is divided by (20/(-3))/(4/(-18))?
29
Suppose -2*i + 8 = 5*u, -150 + 64 = -5*i + 4*u. Suppose -350 = -5*b + 160. Calculate the remainder when b is divided by i.
4
Let g = -3933 - -8231. What is the remainder when g is divided by 100?
98
Let d(m) = m**3 - 25*m**2 - 55*m + 31. Let p be d(27). Calculate the remainder when 93 is divided by 9 + 6/p*-2.
3
Suppose 0 = 112*k - 88738 - 219374. Calculate the remainder when k is divided by 51.
48
Suppose -3*w + 99*g + 365 = 95*g, -5*w + 620 = 5*g. What is the remainder when 784 is divided by w?
46
Suppose 0 = v + 2, 16*u - 17*u - v + 90 = 0. Calculate the remainder when 537 is divided by u.
77
Let m = -2194 + 2241. What is the remainder when (1 - -190 - 4)*2 is divided by m?
45
Let j(v) = v**2 - 17*v - 139. Let p be j(-8). Suppose -13*b + 108 = -p. Calculate the remainder when 133 is divided by b.
3
Let w(t) = t**2 + 50. Let g be w(0). Suppose 5*s - g + 10 = 0. Let c(o) = -2*o**2 - 12*o - 5. Calculate the remainder when s is divided by c(-5).
3
Let q be (((-4)/3)/(-2))/((-2)/(-297)). Let p = q - -199. Calculate the remainder when p is divided by 50.
48
Suppose -5*f + 690 = -1260. Suppose 3637*x - 5656 = 3435*x. What is the remainder when f is divided by x?
26
Let d = 3681 + 1378. Calculate the remainder when d is divided by 2524.
11
Let d(o) = 4*o - 16. Let v(g) = 1 + 14 - 4*g + 1 - g. Let y(j) = -6*d(j) - 5*v(j). Calculate the remainder when 28 is divided by y(-8).
4
Let n = 25964 - 25739. What is the remainder when n is divided by 59?
48
Suppose -23*b + 56 = -59. Suppose -b*v + 196 = -v. Let f(z) = -2*z + 1. Calculate the remainder when v is divided by f(-2).
4
Suppose 226*d = 221*d + 120. Calculate the remainder when (-4)/18 - (-3356)/36 is divided by d.
21
Let w = 59 + -75. Let m(c) = 2*c**3 + 34*c**2 + 21*c - 38. What is the remainder when m(w) is divided by 13?
8
Suppose 0 = -0*k - 2*k + 208. Let m = -95 + k. Calculate the remainder when 80 is divided by m.
8
Suppose -163*d + 37763 = 436. Calculate the remainder when d is divided by 53.
17
Suppose 1130 = 33*y - 23*y. Let p = 115 - 106. What is the remainder when y is divided by p?
5
Let t(h) be the third derivative of h**4/12 - 2*h**3 - 37*h**2. What is the remainder when (-84)/(-2) - (-9 - -10) is divided by t(13)?
13
Suppose 3*k = 5*o - 67, -3*o + 45 - 24 = 3*k. Calculate the remainder when 421 is divided by o.
3
Let x = -444 + 447. What is the remainder when (32 - 2) + (0 - x) is divided by 17?
10
Let j be 136*68/44 + 20/(-110). Suppose 5*h = -h + j. Calculate the remainder when h is divided by 10.
5
Suppose -2*i = -3*r + 135, -2*r - 5*i + 115 = 6. Suppose 2*q = 5*c + 61, 0 = 43*q - r*q - 5*c + 47. What is the remainder when 28 is divided by q?
10
Suppose 0 = 31*q - 13*q - 5562. Calculate the remainder when q is divided by 90.
39
Suppose -317*u - 440 = -319*u. Calculate the remainder when u is divided by 67.
19
Suppose 4*k = -5*g + 993, 216*g - 213*g - 750 = -3*k. What is the remainder when 8730 is divided by k?
249
Suppose -583 = -t - o, -4*t = -o - 1459 - 858. Suppose -5*l + 355 = 2*u, -37*l = -33*l + 5*u - 267. Calculate the remainder when t is divided by l.
69
Let z(p) = -22*p - 1834. Calculate the remainder when z(-93) is divided by 170.
42
Let x(g) = 11*g**2 + 87*g - 517. Calculate the remainder when x(-19) is divided by 200.
1
Let z(c) = -c**3 - 5*c**2 + 2*c - 6. Suppose -17*x - 205920 = -7*x. Calculate the remainder when 0 + (-1)/5 + x/(-585) is divided by z(-6).
17
Let m(b) = 11*b**2 + 38*b - 223. What is the remainder when m(6) is divided by 79?
6
Suppose 281 - 110 = 3*y - 4*c, 2*c - 206 = -4*y. What is the remainder when 529 is divided by y?
52
Suppose 85 = 3*b + 5*y, 3*b + 4*y - 94 = -14. Let k = 61 - 40. Let o = k - -13. Calculate the remainder when o is divided by b.
14
Suppose 255 = 4*g + 3*u, 0 = 6*g - 3*g - 4*u - 185. Let j = g - 19. Let r(b) = 5*b - 34. Calculate the remainder when j is divided by r(10).
12
Suppose -8777 = -25*k + 4521 + 2077. What is the remainder when k is divided by 160?
135
Suppose 1344 = 28*l - 616. Calculate the remainder when 78 is divided by l.
8
Let g be ((-12496)/(-72))/11 - 4/(-18). Suppose -g*z + 200 = -8*z. Calculate the remainder when 190/4 - (-2)/4 is divided by z.
23
Let o = -3670 + 6340. Calculate the remainder when o is divided by 99.
96
Let r(f) = -f**3 - 16*f**2 + 16*f + 2. Let a be r(-14). What is the remainder when 1/(2/6) + 119 is divided by 15/(-25)*-1 - a/10?
60
Let k = -17 - -32. Let z = 70 + k. Calculate the remainder when z is divided by (-195)/(-9) - (-1)/3.
19
Let h(m) = -m**3 + 7*m**2 + 6*m + 1630. Calculate the remainder when h(0) is divided by 26.
18
Let x(t) = -10*t - 14. Let c(z) = z - 3. Let i be c(-1). What is the remainder when 90 is divided by x(i)?
12
Suppose 0 = -5*k - h + 14, 4*h - 21 = -3*k + 1. Let m(s) = 2*s - 3*s + 14 + s + 7*s + k*s**2. What is the remainder when m(-5) is divided by 17?
12
Let a(o) = o**2 - 67*o - 397. What is the remainder when a(74) is divided by (-4)/6*(-444)/8?
10
Let i = -26010 - -26106. Calculate the remainder when 1433 is divided by i.
89
Let a = -4321 + 4590. Calculate the remainder when a is divided by 41.
23
Let t = 1116 + -965. L